vided by 131?
114
What is the remainder when 9686 is divided by 25?
11
Calculate the remainder when 3218 is divided by 10.
8
Calculate the remainder when 23405 is divided by 7777.
74
Calculate the remainder when 2165 is divided by 361.
360
What is the remainder when 9011 is divided by 202?
123
What is the remainder when 18539 is divided by 9?
8
What is the remainder when 1393 is divided by 20?
13
What is the remainder when 3288 is divided by 50?
38
Calculate the remainder when 82598 is divided by 5506.
8
What is the remainder when 27269 is divided by 43?
7
Calculate the remainder when 5853 is divided by 36.
21
What is the remainder when 2398 is divided by 1590?
808
What is the remainder when 560 is divided by 21?
14
Calculate the remainder when 953 is divided by 941.
12
What is the remainder when 308908 is divided by 119?
103
What is the remainder when 3077 is divided by 257?
250
Calculate the remainder when 9792 is divided by 166.
164
Calculate the remainder when 1077 is divided by 243.
105
Calculate the remainder when 80750 is divided by 40366.
18
Calculate the remainder when 75163 is divided by 557.
525
Calculate the remainder when 33350 is divided by 439.
425
What is the remainder when 14591 is divided by 506?
423
What is the remainder when 641 is divided by 206?
23
What is the remainder when 137807 is divided by 16?
15
What is the remainder when 162137 is divided by 38?
29
What is the remainder when 7089 is divided by 3527?
35
Calculate the remainder when 7099 is divided by 28.
15
What is the remainder when 537375 is divided by 14?
13
Calculate the remainder when 1688319 is divided by 640.
639
What is the remainder when 970 is divided by 271?
157
What is the remainder when 9191 is divided by 460?
451
Calculate the remainder when 5787 is divided by 528.
507
What is the remainder when 1271766 is divided by 56?
6
Calculate the remainder when 28109 is divided by 292.
77
What is the remainder when 59137 is divided by 5?
2
What is the remainder when 17799 is divided by 8898?
3
Calculate the remainder when 1568 is divided by 337.
220
Calculate the remainder when 516 is divided by 3.
0
Calculate the remainder when 1595439 is divided by 880.
879
What is the remainder when 2849766 is divided by 13?
10
Calculate the remainder when 4979 is divided by 834.
809
What is the remainder when 33504 is divided by 33495?
9
Calculate the remainder when 134197 is divided by 488.
485
What is the remainder when 818326 is divided by 62946?
28
Calculate the remainder when 82698 is divided by 241.
35
Calculate the remainder when 550480 is divided by 22.
18
Calculate the remainder when 7921 is divided by 6355.
1566
What is the remainder when 1271 is divided by 349?
224
What is the remainder when 2254 is divided by 198?
76
What is the remainder when 3032619 is divided by 993?
990
Calculate the remainder when 8377 is divided by 101.
95
What is the remainder when 38875 is divided by 76?
39
What is the remainder when 144635 is divided by 117?
23
What is the remainder when 8583 is divided by 4144?
295
What is the remainder when 1366 is divided by 591?
184
What is the remainder when 6819 is divided by 719?
348
Calculate the remainder when 14150 is divided by 3.
2
Calculate the remainder when 525256 is divided by 1014.
4
What is the remainder when 3630010 is divided by 16?
10
What is the remainder when 788 is divided by 205?
173
What is the remainder when 868 is divided by 67?
64
What is the remainder when 706389 is divided by 36?
33
Calculate the remainder when 5050 is divided by 472.
330
What is the remainder when 343895 is divided by 712?
711
Calculate the remainder when 3785 is divided by 363.
155
What is the remainder when 1431 is divided by 54?
27
Calculate the remainder when 43761 is divided by 87.
0
Calculate the remainder when 3147 is divided by 33.
12
Calculate the remainder when 3892 is divided by 42.
28
Calculate the remainder when 27075 is divided by 28.
27
What is the remainder when 126561 is divided by 422?
383
Calculate the remainder when 130347 is divided by 22.
19
Calculate the remainder when 171476 is divided by 80.
36
Calculate the remainder when 81897 is divided by 18.
15
Calculate the remainder when 804044 is divided by 168.
164
What is the remainder when 93997 is divided by 94?
91
Calculate the remainder when 58557 is divided by 32.
29
What is the remainder when 9552 is divided by 793?
36
Calculate the remainder when 91 is divided by 18.
1
What is the remainder when 11805 is divided by 625?
555
Calculate the remainder when 878 is divided by 390.
98
What is the remainder when 32025 is divided by 10643?
96
What is the remainder when 3083 is divided by 582?
173
Calculate the remainder when 5997 is divided by 43.
20
Calculate the remainder when 128459 is divided by 592.
587
Calculate the remainder when 4718 is divided by 254.
146
What is the remainder when 99860 is divided by 416?
20
What is the remainder when 12093 is divided by 1996?
117
Calculate the remainder when 1542 is divided by 187.
46
What is the remainder when 42993 is divided by 25?
18
Calculate the remainder when 26587 is divided by 83.
27
What is the remainder when 47693 is divided by 212?
205
What is the remainder when 3866 is divided by 589?
332
Calculate the remainder when 4131 is divided by 70.
1
Calculate the remainder when 129960 is divided by 1443.
90
Calculate the remainder when 6964 is divided by 44.
12
Calculate the remainder when 182303 is divided by 91140.
23
What is the remainder when 33226 is divided by 96?
10
What is the remainder when 31922 is divided by 25?
22
What is the remainder when 4234 is divided by 116?
58
What is the remainder when 4177 is divided by 53?
43
What is the remainder when 1707 is divided by 149?
68
Calculate the remainder when 16586 is divided by 143.
141
Calculate the remainder when 342150 is divided by 9.
6
Calculate the remainder when 41359 is divided by 183.
1
What is the remainder when 2338 is divided by 6?
4
What is the remainder when 4986 is divided by 2462?
62
What is the remainder when 3807 is divided by 18?
9
What is the remainder when 794048 is divided by 132340?
8
Calculate the remainder when 6504 is divided by 2155.
39
Calculate the remainder when 34696 is divided by 157.
156
What is the remainder when 5393 is divided by 1346?
9
What is the remainder when 5897 is divided by 87?
68
Calculate the remainder when 2086 is divided by 303.
268
Calculate the remainder when 212 is divided by 60.
32
Calculate the remainder when 207064 is divided by 493.
4
Calculate the remainder when 183532 is divided by 91751.
30
What is the remainder when 264695 is divided by 40?
15
What is the remainder when 154195 is divided by 49?
41
What is the remainder when 27281 is divided by 1435?
16
Calculate the remainder when 181036 is divided by 93.
58
What is the remainder when 9359 is divided by 101?
67
What is the remainder when 183999 is divided by 13?
10
Calculate the remainder when 6159 is divided by 186.
21
What is the remainder when 431154 is divided by 107787?
6
Calculate the remainder when 368897 is divided by 175.
172
Calculate the remainder when 5377 is divided by 1343.
5
What is the remainder when 129874 is divided by 88?
74
Calculate the remainder when 41471 is divided by 289.
144
Calculate the remainder when 13789 is divided by 1968.
13
What is the remainder when 11109 is divided by 50?
9
Calculate the remainder when 175902 is divided by 321.
315
What is the remainder when 26820 is divided by 2681?
10
What is the remainder when 79467 is divided by 26479?
30
Calculate the remainder when 4447 is divided by 475.
172
Calculate the remainder when 445996 is divided by 34.
18
What is the remainder when 1466 is divided by 368?
362
What is the remainder when 41668 is divided by 41664?
4
What is the remainder when 24251 is divided by 105?
101
What is the remainder when 232472 is divided by 92?
80
Calculate the remainder when 79812 is divided by 79804.
8
Calculate the remainder when 375022 is divided by 97.
20
Calculate the remainder when 23502 is divided by 1075.
927
What is the remainder when 22291 is divided by 7?
3
What is the remainder when 11136 is divided by 5561?
14
Calculate the remainder when 163468 is divided by 18161.
19
Calculate the remainder when 2